{"id":29,"date":"2026-02-25T16:54:29","date_gmt":"2026-02-25T15:54:29","guid":{"rendered":"https:\/\/mariage.servignat.net\/?page_id=29"},"modified":"2026-03-12T14:47:38","modified_gmt":"2026-03-12T13:47:38","slug":"programme","status":"publish","type":"page","link":"https:\/\/mariage.servignat.net\/index.php\/programme\/","title":{"rendered":"Programme"},"content":{"rendered":"<p>[et_pb_section fb_built=\u00a0\u00bb1&Prime; _builder_version=\u00a0\u00bb4.27.5&Prime; _module_preset=\u00a0\u00bbdefault\u00a0\u00bb global_colors_info=\u00a0\u00bb{}\u00a0\u00bb][et_pb_row _builder_version=\u00a0\u00bb4.27.5&Prime; _module_preset=\u00a0\u00bbdefault\u00a0\u00bb global_colors_info=\u00a0\u00bb{}\u00a0\u00bb][et_pb_column type=\u00a0\u00bb4_4&Prime; _builder_version=\u00a0\u00bb4.27.5&Prime; _module_preset=\u00a0\u00bbdefault\u00a0\u00bb global_colors_info=\u00a0\u00bb{}\u00a0\u00bb][dsm_animated_gradient_text _builder_version=\u00a0\u00bb4.27.5&Prime; _module_preset=\u00a0\u00bbdefault\u00a0\u00bb animated_gradient_text=\u00a0\u00bbProgramme du week-end\u00a0\u00bb gradient_one_color=\u00a0\u00bb#E09900&Prime; gradient_two_color=\u00a0\u00bb#EDF000&Prime; gradient_three_color=\u00a0\u00bb#E09900&Prime; header_font=\u00a0\u00bbDancing Script|700|||||||\u00a0\u00bb header_font_size=\u00a0\u00bb62px\u00a0\u00bb heading_html_tag=\u00a0\u00bbh1&Prime; gradient_four_color=\u00a0\u00bb#EDF000&Prime; animation_style=\u00a0\u00bbzoom\u00a0\u00bb animation_direction=\u00a0\u00bbleft\u00a0\u00bb hover_enabled=\u00a0\u00bb0&Prime; sticky_enabled=\u00a0\u00bb0&Prime; header_text_align=\u00a0\u00bbcenter\u00a0\u00bb][\/dsm_animated_gradient_text][\/et_pb_column][\/et_pb_row][et_pb_row _builder_version=\u00a0\u00bb4.27.5&Prime; _module_preset=\u00a0\u00bbdefault\u00a0\u00bb][et_pb_column _builder_version=\u00a0\u00bb4.27.5&Prime; _module_preset=\u00a0\u00bbdefault\u00a0\u00bb type=\u00a0\u00bb4_4&Prime;][dsm_content_timeline _builder_version=\u00a0\u00bb4.27.5&Prime; _module_preset=\u00a0\u00bbdefault\u00a0\u00bb dsm_pointer_bg_color=\u00a0\u00bb#E09900&Prime; dsm_timeline_style=\u00a0\u00bbleft\u00a0\u00bb opposite_text_text_align=\u00a0\u00bbleft\u00a0\u00bb content_text_color=\u00a0\u00bb#000000&Prime; opposite_text_font=\u00a0\u00bb|700|||||||\u00a0\u00bb opposite_text_font_size=\u00a0\u00bb23px\u00a0\u00bb hover_enabled=\u00a0\u00bb0&Prime; sticky_enabled=\u00a0\u00bb0&Prime; header_font=\u00a0\u00bb|700|||||||\u00a0\u00bb dsm_tree_bg_color=\u00a0\u00bb#EDF000&Prime; dsm_opposite_padding=\u00a0\u00bb7px||||false|false\u00a0\u00bb dsm_opposite_content_width=\u00a0\u00bb13%\u00a0\u00bb dsm_card_padding=\u00a0\u00bb6px|15px||15px|false|true\u00a0\u00bb border_radii_card_border=\u00a0\u00bbon|8px|8px|8px|8px\u00a0\u00bb][dsm_content_timeline_child dsm_content=\u00a0\u00bb<\/p>\n<p>Pr\u00e9paratifs, mise en place et d\u00e9coration avec ceux qui le peuvent<\/p>\n<p>\u00a0\u00bb _builder_version=\u00a0\u00bb4.27.5&Prime; _module_preset=\u00a0\u00bbdefault\u00a0\u00bb parent_header_level=\u00a0\u00bbh4&Prime; dsm_use_icon_image=\u00a0\u00bboff\u00a0\u00bb dsm_use_pointer_element=\u00a0\u00bbon\u00a0\u00bb dsm_opposite_text=\u00a0\u00bbVendredi\u00a0\u00bb dsm_point_font_icon=\u00a0\u00bb&#x4e;||divi||400&Prime; hover_enabled=\u00a0\u00bb0&Prime; sticky_enabled=\u00a0\u00bb0&Prime;][\/dsm_content_timeline_child][dsm_content_timeline_child dsm_title=\u00a0\u00bb10h15&Prime; dsm_content=\u00a0\u00bb<\/p>\n<p>Nous vous donnons rendez-vous \u00e0 10h15 devant la mairie de Neuilly-Plaisance<\/p>\n<p>\u00a0\u00bb _builder_version=\u00a0\u00bb4.27.5&Prime; _module_preset=\u00a0\u00bbdefault\u00a0\u00bb parent_header_level=\u00a0\u00bbh4&Prime; dsm_use_icon_image=\u00a0\u00bboff\u00a0\u00bb dsm_use_pointer_element=\u00a0\u00bbon\u00a0\u00bb dsm_opposite_text=\u00a0\u00bbSamedi\u00a0\u00bb dsm_point_font_icon=\u00a0\u00bb&#x4e;||divi||400&Prime; hover_enabled=\u00a0\u00bb0&Prime; sticky_enabled=\u00a0\u00bb0&Prime;][\/dsm_content_timeline_child][dsm_content_timeline_child dsm_title=\u00a0\u00bb10h30&Prime; dsm_content=\u00a0\u00bb<\/p>\n<p><strong>C\u00e9r\u00e9monie civile \u00e0 la Mairie de Neuilly-Plaisance<\/strong><\/p>\n<p>\u00a0\u00bb _builder_version=\u00a0\u00bb4.27.5&Prime; _module_preset=\u00a0\u00bbdefault\u00a0\u00bb parent_header_level=\u00a0\u00bbh4&Prime; dsm_use_icon_image=\u00a0\u00bboff\u00a0\u00bb dsm_use_pointer_element=\u00a0\u00bbon\u00a0\u00bb dsm_opposite_text=\u00a0\u00bb \u00a0\u00bb hover_enabled=\u00a0\u00bb0&Prime; sticky_enabled=\u00a0\u00bb0&Prime; dsm_point_font_icon=\u00a0\u00bb&#x4e;||divi||400&Prime;][\/dsm_content_timeline_child][\/dsm_content_timeline][\/et_pb_column][\/et_pb_row][\/et_pb_section]<\/p>\n","protected":false},"excerpt":{"rendered":"<p><div class=\"et_pb_module dsm_animated_gradient_text dsm_animated_gradient_text_0 et_animated\">\n\t\t\t\t\n\t\t\t\t\n\t\t\t\t\n\t\t\t\t\n\t\t\t\t\n\t\t\t\t\n\t\t\t\t<div class=\"et_pb_module_inner\">\n\t\t\t\t\t<h1 class=\"dsm-animated-gradient-text et_pb_module_header\">Programme du week-end<\/h1>\n\t\t\t\t<\/div>\n\t\t\t<\/div><div class=\"et_pb_module dsm_content_timeline dsm_content_timeline_0\">\n\t\t\t\t\n\t\t\t\t\n\t\t\t\t\n\t\t\t\t\n\t\t\t\t\n\t\t\t\t\n\t\t\t\t<div class=\"et_pb_module_inner\">\n\t\t\t\t\t<div class=\"dsm-content-timeline-items-wrapper dsm-left\" data-tree-animation=\"off\" data-tree-animation-tablet=\"\" data-tree-animation-phone=\"\" data-image_lightbox=\"off\">\n\t\t\t<div class=\"dsm-content-timeline-tree\">\n\t\t\t\t\n\t\t\t<\/div>\n\t\t   <div class=\"dsm-content-timeline-item-wrapper dsm_content_timeline_child_0\">\n\t\t\t\t<div class=\"dsm-content-timeline-date dsm-desktop\"><span class=\"date\">Vendredi<\/span><\/div>\n\t\t\t\t<div class=\"dsm-content-timeline-content-wrapper dsm_wrapper_dsm_content_timeline_child_0 dsm-visibility\">   \t\t\n\t\t\t\t\t<div class=\"dsm-content-timeline-date dsm-mobile\"><span class=\"date\">Vendredi<\/span><\/div>\n\t\t\t\t\t\n\t\t\t\t\t\n\t\t\t\t\t<div class=\"dsm-timeline-content\">\n\t\t\t\t\t\t\n\t\t\t\t\t\t<div class=\"dsm-description\">Pr\u00e9paratifs, mise en place et d\u00e9coration avec ceux qui le peuvent<\/div>\n\t\t\t\t\t\t\n\t\t\t\t\t\t\n\t\t\t\t\t<\/div>\t\n\t\t\t\t<\/div>\n\t\t\t\t<div class=\"dsm-pointer-wrapper\">\n\t\t\t\t\t<span class=\"dsm_icon\">N<\/span>\n\t\t\t\t\t\n\t\t\t\t<\/div>\n\t\t\t<\/div><div class=\"dsm-content-timeline-item-wrapper dsm_content_timeline_child_1\">\n\t\t\t\t<div class=\"dsm-content-timeline-date dsm-desktop\"><span class=\"date\">Samedi<\/span><\/div>\n\t\t\t\t<div class=\"dsm-content-timeline-content-wrapper dsm_wrapper_dsm_content_timeline_child_1 dsm-visibility\">   \t\t\n\t\t\t\t\t<div class=\"dsm-content-timeline-date dsm-mobile\"><span class=\"date\">Samedi<\/span><\/div>\n\t\t\t\t\t\n\t\t\t\t\t\n\t\t\t\t\t<div class=\"dsm-timeline-content\">\n\t\t\t\t\t\t<h4 class=\"dsm-title\">10h15<\/h4>\n\t\t\t\t\t\t<div class=\"dsm-description\">Nous vous donnons rendez-vous \u00e0 10h15 devant la mairie de Neuilly-Plaisance<\/div>\n\t\t\t\t\t\t\n\t\t\t\t\t\t\n\t\t\t\t\t<\/div>\t\n\t\t\t\t<\/div>\n\t\t\t\t<div class=\"dsm-pointer-wrapper\">\n\t\t\t\t\t<span class=\"dsm_icon\">N<\/span>\n\t\t\t\t\t\n\t\t\t\t<\/div>\n\t\t\t<\/div><div class=\"dsm-content-timeline-item-wrapper dsm_content_timeline_child_2\">\n\t\t\t\t<div class=\"dsm-content-timeline-date dsm-desktop\"><span class=\"date\"> <\/span><\/div>\n\t\t\t\t<div class=\"dsm-content-timeline-content-wrapper dsm_wrapper_dsm_content_timeline_child_2 dsm-visibility\">   \t\t\n\t\t\t\t\t<div class=\"dsm-content-timeline-date dsm-mobile\"><span class=\"date\"> <\/span><\/div>\n\t\t\t\t\t\n\t\t\t\t\t\n\t\t\t\t\t<div class=\"dsm-timeline-content\">\n\t\t\t\t\t\t<h4 class=\"dsm-title\">10h30<\/h4>\n\t\t\t\t\t\t<div class=\"dsm-description\">C\u00e9r\u00e9monie civile \u00e0 la Mairie de Neuilly-Plaisance<\/div>\n\t\t\t\t\t\t\n\t\t\t\t\t\t\n\t\t\t\t\t<\/div>\t\n\t\t\t\t<\/div>\n\t\t\t\t<div class=\"dsm-pointer-wrapper\">\n\t\t\t\t\t<span class=\"dsm_icon\">N<\/span>\n\t\t\t\t\t\n\t\t\t\t<\/div>\n\t\t\t<\/div>\n\t\t<\/div>\n\t\t\n\t\t\t\t<\/div>\n\t\t\t<\/div><\/p>\n","protected":false},"author":2,"featured_media":0,"parent":0,"menu_order":0,"comment_status":"closed","ping_status":"closed","template":"","meta":{"_et_pb_use_builder":"on","_et_pb_old_content":"","_et_gb_content_width":"","footnotes":""},"class_list":["post-29","page","type-page","status-publish","hentry"],"_links":{"self":[{"href":"https:\/\/mariage.servignat.net\/index.php\/wp-json\/wp\/v2\/pages\/29","targetHints":{"allow":["GET"]}}],"collection":[{"href":"https:\/\/mariage.servignat.net\/index.php\/wp-json\/wp\/v2\/pages"}],"about":[{"href":"https:\/\/mariage.servignat.net\/index.php\/wp-json\/wp\/v2\/types\/page"}],"author":[{"embeddable":true,"href":"https:\/\/mariage.servignat.net\/index.php\/wp-json\/wp\/v2\/users\/2"}],"replies":[{"embeddable":true,"href":"https:\/\/mariage.servignat.net\/index.php\/wp-json\/wp\/v2\/comments?post=29"}],"version-history":[{"count":18,"href":"https:\/\/mariage.servignat.net\/index.php\/wp-json\/wp\/v2\/pages\/29\/revisions"}],"predecessor-version":[{"id":67,"href":"https:\/\/mariage.servignat.net\/index.php\/wp-json\/wp\/v2\/pages\/29\/revisions\/67"}],"wp:attachment":[{"href":"https:\/\/mariage.servignat.net\/index.php\/wp-json\/wp\/v2\/media?parent=29"}],"curies":[{"name":"wp","href":"https:\/\/api.w.org\/{rel}","templated":true}]}}